e 9) to base 4.
-23230
3403 (base 8) to base 9
2414
What is 5728 (base 11) in base 3?
101022222
Convert 12123 (base 6) to base 5.
24104
Convert -2147 (base 10) to base 13.
-c92
What is -91a (base 14) in base 2?
-11011111100
12232 (base 7) to base 14
1252
602 (base 10) to base 7
1520
What is -3311 (base 6) in base 3?
-1001021
What is -574d (base 14) in base 7?
-62126
What is d6a (base 14) in base 4?
221102
Convert 11111000 (base 2) to base 15.
118
474 (base 9) to base 15
1b1
211 (base 13) to base 12
254
Convert 334 (base 10) to base 7.
655
2235 (base 7) to base 6
3430
-25d (base 16) to base 8
-1135
-2421 (base 5) to base 2
-101101001
Convert 2148 (base 14) to base 15.
1a83
What is 562 (base 11) in base 7?
1651
What is 104 (base 11) in base 12?
a5
-114 (base 12) to base 14
-b6
Convert -1220202020 (base 3) to base 7.
-214662
4637 (base 10) to base 12
2825
What is -238 (base 12) in base 4?
-11030
Convert -138c (base 13) to base 4.
-230010
Convert -110101120 (base 3) to base 12.
-5289
-128 (base 12) to base 3
-20112
Convert -415 (base 7) to base 14.
-10c
Convert -946 (base 13) to base 7.
-4414
Convert 20010112 (base 3) to base 9.
6115
-20324 (base 5) to base 6
-10111
Convert -2564 (base 7) to base 3.
-1100012
Convert 1110010110000 (base 2) to base 16.
1cb0
Convert 2 (base 6) to base 16.
2
What is -171 (base 16) in base 14?
-1c5
Convert 30a (base 16) to base 7.
2161
Convert -759 (base 12) to base 3.
-1110220
Convert -2535 (base 6) to base 2.
-1001111011
264 (base 12) to base 14
1c0
Convert -8344 (base 9) to base 7.
-23554
201201 (base 4) to base 3
2221110
Convert -364 (base 11) to base 3.
-121001
What is 103003 (base 5) in base 4?
312233
What is -36d (base 16) in base 5?
-12002
What is 110100001111110 (base 2) in base 4?
12201332
Convert 2579 (base 10) to base 7.
10343
Convert -14361 (base 7) to base 14.
-1631
Convert -23423 (base 5) to base 14.
-8c2
Convert -24451 (base 7) to base 4.
-1210012
What is -5394 (base 13) in base 4?
-2311131
Convert 3ab4 (base 14) to base 3.
112012100
What is -153 (base 11) in base 16?
-b3
What is 2e58 (base 16) in base 7?
46406
Convert 460 (base 11) to base 9.
671
Convert -10122110 (base 4) to base 13.
-82bb
Convert -390 (base 10) to base 4.
-12012
-16666 (base 8) to base 11
-5795
101010111 (base 2) to base 5
2333
-3232 (base 4) to base 8
-356
524 (base 15) to base 10
1159
9828 (base 14) to base 13
bc81
Convert 263 (base 12) to base 9.
443
Convert 590 (base 11) to base 6.
3132
What is -3070 (base 11) in base 8?
-7746
102011020 (base 3) to base 6
101353
-4242 (base 5) to base 6
-2352
What is -1d84 (base 14) in base 12?
-3168
bca2 (base 13) to base 2
110011011010111
Convert -2807 (base 16) to base 6.
-115235
121010 (base 3) to base 8
663
What is -162a4 (base 12) in base 4?
-13230130
What is -693 (base 14) in base 10?
-1305
-1001 (base 7) to base 13
-206
Convert -2102220 (base 3) to base 7.
-5121
Convert -14540 (base 6) to base 12.
-1450
Convert 10110220 (base 3) to base 9.
3426
-1121122 (base 3) to base 14
-602
What is -6634 (base 7) in base 10?
-2377
Convert 244101 (base 6) to base 11.
15290
What is 321 (base 8) in base 6?
545
Convert 14311 (base 5) to base 12.
846
What is 1115 (base 8) in base 13?
364
What is 21020020 (base 3) in base 13?
2526
What is 12c (base 15) in base 4?
10023
44a (base 11) to base 14
2a6
What is 1010111100100 (base 2) in base 16?
15e4
What is 4345 (base 6) in base 10?
1001
Convert 100111110110000 (base 2) to base 12.
b980
Convert -72 (base 13) to base 8.
-135
What is -7c7 (base 16) in base 5?
-30431
3346 (base 12) to base 7
22350
-834 (base 16) to base 15
-950
-1ccc (base 13) to base 2
-1000100101001
Convert -1000000101 (base 2) to base 12.
-371
Convert 143003 (base 5) to base 12.
3583
What is 2442 (base 7) in base 12?
640
Convert a676 (base 11) to base 3.
201100221
-86 (base 14) to base 8
-166
Convert 7351 (base 9) to base 14.
1d72
3250 (base 6) to base 5
11000
-4050 (base 6) to base 2
-1101111110
What is -451 (base 8) in base 13?
-19b
6625 (base 9) to base 10
4883
-1055 (base 6) to base 15
-11b
What is 3c78 (base 15) in base 4?
3022022
What is -595 (base 13) in base 14?
-4d1
185 (base 9) to base 6
422
Convert 453435 (base 6) to base 14.
ddcb
What is -10011110001 (base 2) in base 7?
-3455
What is -1218 (base 10) in base 16?
-4c2
Convert 27217 (base 9) to base 7.
104440
1202 (base 6) to base 15
145
Convert -2238 (base 12) to base 6.
-25312
411 (base 6) to base 15
a1
What is -72 (base 15) in base 14?
-79
What is 936 (base 13) in base 7?
4365
What is -353 (base 8) in base 5?
-1420
What is 5433 (base 10) in base 8?
12471
15f10 (base 16) to base 11
61582
-101110110011011 (base 2) to base 6
-302535
Convert -3010 (base 8) to base 2.
-11000001000
Convert 1101000011 (base 2) to base 5.
11320
Convert -2022 (base 6) to base 7.
-1205
-16647 (base 8) to base 16
-1da7
aab (base 16) to base 3
10202011
13 (base 11) to base 16
e
-10000100100 (base 2) to base 14
-55a
What is 1b55 (base 13) in base 4?
1000132
-18dc (base 14) to base 11
-3427
-560 (base 8) to base 15
-198
Convert -1b549 (base 12) to base 10.
-40521
Convert 2021 (base 3) to base 11.
56
What is -2d9b (base 15) in base 4?
-2121131
Convert -82a (base 14) to base 5.
-22411
What is -3022123 (base 4) in base 14?
-4a15
Convert 202111 (base 5) to base 14.
2547
What is -5112 (base 12) in base 15?
-2918
Convert 355513 (base 6) to base 2.
111100101100101
Convert -189 (base 15) to base 10.
-354
What is 2570 (base 12) in base 7?
15264
What is 33312 (base 4) in base 10?
1014
What is -53 (base 13) in base 9?
-75
Convert 1012022 (base 3) to base 5.
11442
What is 3031101 (base 4) in base 13?
5c97
Convert 103123 (base 5) to base 6.
24214
What is 100001001101 (base 2) in base 3?
2220201
What is 2222211 (base 3) in base 4?
202012
Convert 30113 (base 4) to base 2.
1100010111
Convert -42043 (base 10) to base 6.
-522351
35b (base 15) to base 2
1011111001
Convert 10111102 (base 3) to base 5.
40144
-606 (base 9) to base 8
-754
What is -278 (base 11) in base 10?
-327
125 (base 15) to base 4
10010
-1007 (base 14) to base 8
-5277
What is -e4d (base 15) in base 12?
-1a47
-6810 (base 10) to base 3
-100100020
Convert 77 (base 10) to base 12.
65
1010001000001101 (base 2) to base 13
15b62
Convert 12105 (base 9) to base 12.
4835
-11100110101 (base 2) to base 3
-2112100
Convert -12a1 (base 11) to base 7.
-4624
Convert -118a9 (base 11) to base 4.
-10022203
What is -40303 (base 5) in base 2?
-101000010010
What is -11101000011011 (base 2) in base 16?
-3a1b
Convert -763a (base 16) to base 6.
-352042
Convert 122005 (base 6) to base 16.
2a35
What is -2d3f (base 16) in base 5?
-332313
Convert 1134 (base 5) to base 12.
121
1657 (base 11) to base 7
6115
-15ae (base 15) to base 3
-20101202
What is 3021113 (base 4) in base 9?
18608
Convert -5680 (base 12) to base 3.
-111011120
8f17 (base 16) to base 14
d4c7
Convert -110111101 (base 3) to base 2.
-10001110010101
Convert -75 (base 10) to base 16.
-4b
Convert -48712 (base 10) to base 4.
-23321020
What is 4405 (base 11) in base 15?
1ac8
What is 2250 (base 8) in base 10?
1192
a (base 12) to base 9
11
-3f26 (base 16) to base 11
-11167
-2b78 (base 12) to base 2
-1010000001100
What is 299 (base 15) in base 12?
416
Convert -34271 (base 8) to base 4.
-3202321
What is 11122010 (base 3) in base 10?
3378
1212110012 (base 3) to base 6
442135
What is -2867 (base 10) in base 6?
-21135
101200200 (base 3) to base 11
5946
20013 (base 11) to base 10
29296
-543 (base 6) to base 4
-3033
Convert 14c (base 16) to base 2.
101001100
-4137 (base 12) to base 4
-1232323
What is -47322 (base 8) in base 16?
-4ed2
Convert 5b46 (base 15) to base 16.
4bd8
Convert 13331332 (base 4) to base 2.
111111101111110
Convert -102010 (base 6) to base 2.
-10000000010110
-110001000000 (base 2) to base 14
-1200
1340 (base 9) to base 5
13013
Convert -4823 (base 12) to base 3.
-102002200
What is 15376 (base 8) in base 12?
3bba
What is -b33 (base 14) in base 2?
-100010011001
Convert 4626 (base 11) to base 4.
1132332
16a1 (base 11) to base 5
32133
Convert 931 (base 14) to base 10.
1807
What is 3a97 (base 16) in base 10?
14999
500 (base 8) to base 3
102212
Convert -1641 (base 8) to base 15.
-41e
What is a588 (base 16) in base 15?
c851
Convert 352 (base 10) to base 2.
101100000
What is -100101